NOAA-Style Climate Reports
Select a Year or Month report
2024: Jan Feb Mar Apr May Jun Jul Aug Sep Oct Nov Dec
2023: Jan Feb Mar Apr May Jun Jul Aug Sep Oct Nov Dec
2022: Jan Feb Mar Apr May Jun Jul Aug Sep Oct Nov Dec
2021: Jan Feb Mar Apr May Jun Jul Aug Sep Oct Nov Dec
2020: Jan Feb Mar Apr May Jun Jul Aug Sep Oct Nov Dec
2019: Jan Feb Mar Apr May Jun Jul Aug Sep Oct Nov Dec
2018: Jan Feb Mar Apr May Jun Jul Aug Sep Oct Nov Dec
2017: Jan Feb Mar Apr May Jun Jul Aug Sep Oct Nov Dec
2016: Jan Feb Mar Apr May Jun Jul Aug Sep Oct Nov Dec
2015: Jan Feb Mar Apr May Jun Jul Aug Sep Oct Nov Dec
2014: Jan Feb Mar Apr May Jun Jul Aug Sep Oct Nov Dec
2013: Jan Feb Mar Apr May Jun Jul Aug Sep Oct Nov Dec
2012: Jan Feb Mar Apr May Jun Jul Aug Sep Oct Nov Dec
2011: Jan Feb Mar Apr May Jun Jul Aug Sep Oct Nov Dec
2010: Jan Feb Mar Apr May Jun Jul Aug Sep Oct Nov Dec
2009: Jan Feb Mar Apr May Jun Jul Aug Sep Oct Nov Dec
2008: Jan Feb Mar Apr May Jun Jul Aug Sep Oct Nov Dec
2007: Jan Feb Mar Apr May Jun Jul Aug Sep Oct Nov Dec
2006: Jan Feb Mar Apr May Jun Jul Aug Sep Oct Nov Dec
2024: Jan Feb Mar Apr May Jun Jul Aug Sep Oct Nov Dec
2023: Jan Feb Mar Apr May Jun Jul Aug Sep Oct Nov Dec
2022: Jan Feb Mar Apr May Jun Jul Aug Sep Oct Nov Dec
2021: Jan Feb Mar Apr May Jun Jul Aug Sep Oct Nov Dec
2020: Jan Feb Mar Apr May Jun Jul Aug Sep Oct Nov Dec
2019: Jan Feb Mar Apr May Jun Jul Aug Sep Oct Nov Dec
2018: Jan Feb Mar Apr May Jun Jul Aug Sep Oct Nov Dec
2017: Jan Feb Mar Apr May Jun Jul Aug Sep Oct Nov Dec
2016: Jan Feb Mar Apr May Jun Jul Aug Sep Oct Nov Dec
2015: Jan Feb Mar Apr May Jun Jul Aug Sep Oct Nov Dec
2014: Jan Feb Mar Apr May Jun Jul Aug Sep Oct Nov Dec
2013: Jan Feb Mar Apr May Jun Jul Aug Sep Oct Nov Dec
2012: Jan Feb Mar Apr May Jun Jul Aug Sep Oct Nov Dec
2011: Jan Feb Mar Apr May Jun Jul Aug Sep Oct Nov Dec
2010: Jan Feb Mar Apr May Jun Jul Aug Sep Oct Nov Dec
2009: Jan Feb Mar Apr May Jun Jul Aug Sep Oct Nov Dec
2008: Jan Feb Mar Apr May Jun Jul Aug Sep Oct Nov Dec
2007: Jan Feb Mar Apr May Jun Jul Aug Sep Oct Nov Dec
2006: Jan Feb Mar Apr May Jun Jul Aug Sep Oct Nov Dec
Report for 2021 November
Daily noaa report MONTHLY CLIMATOLOGICAL SUMMARY for NOV. 2021 NAME: Carson Valley Weather CITY: Minden STATE: Nevada ELEV: 4805 LAT: 039:02:19 LONG: -0119:43:17 TEMPERATURE ( °F), RAIN (in.), WIND SPEED (mph) HEAT COOL AVG MEAN DEG DEG WIND DOM DAY TEMP HIGH TIME LOW TIME DAYS DAYS RAIN SPEED HIGH TIME DIR -------------------------------------------------------------------------------------------------------- 01 51.5 063.1 13:04 43.3 08:14 13.5 00.0 00.00 05.0 27.6 14:35 S 02 52.3 067.1 15:34 39.3 07:43 12.6 00.0 00.00 02.7 11.5 17:07 SSE 03 50.7 070.6 15:41 35.1 06:58 14.3 00.0 00.00 01.6 21.9 23:53 NNW 04 58.0 068.6 15:30 41.4 00:00 06.9 00.0 00.00 07.2 33.4 09:08 SW 05 50.6 072.7 14:16 31.1 07:42 14.3 00.0 00.00 04.5 25.3 14:00 SW 06 51.9 059.9 10:05 43.2 02:50 13.0 00.0 00.00 06.3 34.5 13:51 WSW 07 46.3 056.2 13:34 34.4 00:00 18.7 00.0 00.00 04.9 19.6 15:51 N 08 44.8 060.5 14:48 32.9 07:36 20.2 00.0 00.00 04.5 35.6 21:27 SSW 09 48.8 057.2 16:00 39.2 23:54 16.2 00.0 00.24 02.2 39.1 00:11 SSW 10 47.2 062.1 13:45 35.0 03:03 17.7 00.0 00.00 01.9 14.9 14:19 NW 11 48.2 067.4 15:08 34.7 04:39 16.8 00.0 00.00 01.1 11.5 15:15 NNW 12 47.4 070.2 15:09 34.5 06:35 17.6 00.0 00.00 01.1 10.3 15:42 N 13 47.1 067.7 14:38 33.3 07:07 17.8 00.0 00.00 01.3 11.5 13:57 NNE 14 48.9 073.3 14:50 33.7 07:11 16.1 00.0 00.00 01.3 06.9 18:40 NNE 15 50.2 071.6 13:57 36.4 05:06 14.7 00.0 00.00 02.0 19.6 19:54 W 16 53.4 065.4 13:17 41.3 21:56 11.6 00.0 00.00 05.3 23.0 15:47 N 17 39.8 051.2 15:04 29.3 23:59 25.2 00.0 00.00 01.7 11.5 16:11 N 18 43.8 064.2 15:24 28.3 02:02 21.1 00.0 00.00 01.7 24.1 18:56 WNW 19 48.7 064.6 13:17 37.8 22:23 16.2 00.0 00.00 04.4 23.0 13:15 W 20 40.6 050.5 12:29 29.6 23:45 24.4 00.0 00.00 02.6 14.9 16:35 N 21 35.5 052.7 14:33 24.1 06:17 29.4 00.0 00.00 01.6 11.5 14:07 N 22 35.8 058.2 14:48 22.1 06:51 29.2 00.0 00.00 01.9 08.1 18:16 NNW 23 43.4 058.5 12:54 25.4 00:51 21.6 00.0 00.00 04.7 25.3 18:38 NW 24 32.5 046.8 14:47 21.3 06:21 32.5 00.0 00.00 00.6 14.9 15:25 NW 25 32.4 051.4 14:54 18.4 06:07 32.6 00.0 00.00 00.1 06.9 13:43 NW 26 40.3 061.6 15:01 27.1 02:39 24.7 00.0 00.00 00.3 06.9 09:55 WNW 27 40.6 061.0 14:17 27.2 04:41 24.4 00.0 00.00 00.6 11.5 14:35 WNW 28 41.8 063.9 15:04 27.5 06:38 23.2 00.0 00.00 00.4 10.3 15:24 WNW 29 44.2 067.4 14:51 29.3 07:34 20.8 00.0 00.00 02.0 18.4 15:24 NNW 30 41.9 063.2 14:15 27.9 06:50 23.0 00.0 00.00 01.3 11.5 14:55 NNW -------------------------------------------------------------------------------------------------------- 45.3 (47.2) 73.3 day 14 18.4 day 25 589.8 000.0 00.24 02.6 39.1 day 09 WNW Min < 86: 30 Min < 23: 3 Max Rain: 0.24 ON 9-11-21 Days of Rain: 1 (> .008in) 1 (> .08in) 0 (> 0.8in)