NOAA-Style Climate Reports


Report for 2024 February

Daily noaa report




                            MONTHLY CLIMATOLOGICAL SUMMARY for FEB. 2024

NAME: Emmett Wx   CITY: Emmett STATE: Idaho
ELEV: 755 LAT: 043:59:12 LONG: 0116:46:46

                            TEMPERATURE ( °F), RAIN (in.), WIND SPEED (mph)

                                               HEAT     COOL           AVG
      MEAN                                     DEG      DEG            WIND                       DOM
DAY   TEMP    HIGH   TIME     LOW    TIME      DAYS     DAYS    RAIN   SPEED    HIGH    TIME      DIR
--------------------------------------------------------------------------------------------------------
01    48.8   055.4   08:57    43.4   23:53     16.2     00.0   00.26   00.4     09.2    08:41      S 
02    43.3   047.3   17:02    39.7   23:45     21.6     00.0   00.05   00.1     05.8    20:24     ESE
03    38.2   040.2   02:30    35.6   13:29     26.7     00.0   00.84   00.3     06.9    10:05     SSW
04    42.3   048.4   14:59    36.1   05:17     22.7     00.0   00.03   00.6     11.5    22:10     SSE
05    47.1   057.8   14:33    39.9   07:37     17.8     00.0   00.00   01.3     12.7    11:43     SSE
06    42.7   051.4   15:32    34.2   05:37     22.3     00.0   00.00   00.2     03.5    17:08     ESE
07    42.0   050.5   15:03    35.7   23:32     23.0     00.0   00.08   00.3     09.2    13:38      S 
08    37.0   044.9   15:16    31.8   08:31     27.9     00.0   00.00   00.3     04.6    15:36      SE
09    38.0   045.1   14:29    31.9   00:00     27.0     00.0   00.00   00.5     08.1    16:40     NNE
10    34.6   045.5   15:43    26.5   08:27     30.4     00.0   00.00   00.4     05.8    14:45      S 
11    39.7   048.7   15:40    32.3   01:56     25.2     00.0   00.00   00.4     06.9    20:11      S 
12    42.0   051.9   13:34    33.3   05:54     23.0     00.0   00.00   00.3     08.1    13:34     WSW
13    40.2   052.0   15:10    33.5   08:01     24.8     00.0   00.00   00.4     04.6    20:34     WSW
14    39.6   047.4   15:39    31.8   07:02     25.3     00.0   00.19   00.9     11.5    20:49      S 
15    44.0   051.5   14:42    39.6   06:03     20.9     00.0   00.13   00.8     08.1    22:10      S 
16    40.2   047.7   15:15    32.9   22:40     24.8     00.0   00.07   01.3     11.5    14:29     NNW
17    36.9   045.6   20:40    30.2   05:45     28.0     00.0   00.00   00.5     08.1    10:55     SSE
18    37.9   043.7   15:49    33.0   04:33     27.0     00.0   00.17   00.1     05.8    01:12     NNE
19    41.7   050.4   15:49    33.8   03:35     23.3     00.0   00.00   01.1     14.9    15:49     ESE
20    46.0   059.9   15:33    37.7   06:01     18.9     00.0   00.03   00.6     10.3    13:56     ESE
21    44.6   055.2   13:42    34.9   05:19     20.4     00.0   00.00   00.3     06.9    13:43      S 
22    44.5   057.4   15:40    36.0   08:22     20.5     00.0   00.00   00.5     05.8    20:49      N 
23    42.5   058.2   15:06    34.6   03:03     22.5     00.0   00.00   00.3     04.6    19:25      S 
24    46.1   061.4   15:40    33.4   05:15     18.8     00.0   00.00   00.4     05.8    15:31     SSE
25    48.9   060.5   15:40    35.4   06:11     16.1     00.0   00.00   00.6     10.3    22:46     SSE
--------------------------------------------------------------------------------------------------------
41.9 (42.9)   61.4  day 24     26.5  day 10   574.8    000.0   01.85   00.5     15.0   day 19     SSE
Min <  86: 25
Max Rain: 0.84 ON 3-02-24
Days of Rain: 10 (> .008in) 5 (> .08in) 1 (> 0.8in)



CoCoRaHS (Community Collaborative Rain, Hail and Snow Network) Station Number: ID-GM-5 Live Lightning Map - USA Boise Skywarn Spotter ID: DO21 AlertID Southwestern Weather Network
Northwestern Weather Network


National Sex Offender Public Website

National Sex Offender Public Website





(Click on the Flag Counter logo below for details in new browser tab)
Flag Counter