NOAA-Style Climate Reports


Report for 2024 July

Daily noaa report




                            MONTHLY CLIMATOLOGICAL SUMMARY for JUL. 2024

NAME: Emmett Wx   CITY: Emmett STATE: Idaho
ELEV: 755 LAT: 043:59:12 LONG: 0116:46:46

                            TEMPERATURE ( °F), RAIN (in.), WIND SPEED (mph)

                                               HEAT     COOL           AVG
      MEAN                                     DEG      DEG            WIND                       DOM
DAY   TEMP    HIGH   TIME     LOW    TIME      DAYS     DAYS    RAIN   SPEED    HIGH    TIME      DIR
--------------------------------------------------------------------------------------------------------
01    72.4   088.1   17:20    55.0   06:59     00.0     07.4   00.00   01.3     10.3    18:12     NNW
02    72.6   088.5   17:11    54.9   07:08     00.0     07.6   00.00   00.8     09.2    17:26     ESE
03    71.6   087.9   17:30    53.0   07:13     00.0     06.7   00.00   01.0     09.2    18:21     ENE
04    73.9   093.0   18:19    53.4   06:46     00.0     09.0   00.00   00.7     06.9    18:48      S 
05    78.5   097.6   17:01    56.8   07:04     00.0     13.6   00.00   00.7     09.2    15:26     SSW
06    81.0   102.3   17:39    60.0   04:38     00.0     16.0   00.00   00.6     06.9    17:45      E 
07    80.6   100.2   17:30    58.8   06:34     00.0     15.7   00.00   00.7     08.1    17:00     SSE
08    84.4   104.4   18:53    61.6   07:17     00.0     19.5   00.00   00.5     05.8    15:56     ESE
09    87.3   108.2   17:50    65.5   06:55     00.0     22.4   00.00   00.5     08.1    12:15     SSE
10    90.4   111.5   17:52    68.0   07:14     00.0     25.4   00.00   00.5     06.9    23:32     ESE
11    87.2   107.1   17:10    67.6   06:23     00.0     22.2   00.00   00.5     05.8    16:29     SSE
12    85.4   105.7   16:59    65.3   07:14     00.0     20.4   00.00   00.4     04.6    12:50     SSE
13    87.6   108.8   18:45    67.6   07:38     00.0     22.6   00.00   00.5     04.6    17:11      SE
14    86.3   099.5   17:59    74.1   07:11     00.0     21.4   00.00   00.5     10.3    22:37      S 
--------------------------------------------------------------------------------------------------------
81.4 (80.9)   111.5  day 10     53.0  day 03   000.0    230.0   00.00   00.7     10.4   day 03     SSE
Max >  86: 14
Min <  86: 14
Max Rain: 0.00 ON 3-07-24
Days of Rain: 0 (> .008in) 0 (> .08in) 0 (> 0.8in)



CoCoRaHS (Community Collaborative Rain, Hail and Snow Network) Station Number: ID-GM-5 Live Lightning Map - USA Boise Skywarn Spotter ID: DO21 AlertID Southwestern Weather Network
Northwestern Weather Network


National Sex Offender Public Website

National Sex Offender Public Website





(Click on the Flag Counter logo below for details in new browser tab)
Flag Counter