NOAA-Style Climate Reports
Select a Year or Month report
2024: Jan Feb Mar Apr May Jun Jul Aug Sep Oct Nov Dec
2023: Jan Feb Mar Apr May Jun Jul Aug Sep Oct Nov Dec
2022: Jan Feb Mar Apr May Jun Jul Aug Sep Oct Nov Dec
2021: Jan Feb Mar Apr May Jun Jul Aug Sep Oct Nov Dec
2020: Jan Feb Mar Apr May Jun Jul Aug Sep Oct Nov Dec
2019: Jan Feb Mar Apr May Jun Jul Aug Sep Oct Nov Dec
2018: Jan Feb Mar Apr May Jun Jul Aug Sep Oct Nov Dec
2017: Jan Feb Mar Apr May Jun Jul Aug Sep Oct Nov Dec
2016: Jan Feb Mar Apr May Jun Jul Aug Sep Oct Nov Dec
2015: Jan Feb Mar Apr May Jun Jul Aug Sep Oct Nov Dec
2014: Jan Feb Mar Apr May Jun Jul Aug Sep Oct Nov Dec
2013: Jan Feb Mar Apr May Jun Jul Aug Sep Oct Nov Dec
2012: Jan Feb Mar Apr May Jun Jul Aug Sep Oct Nov Dec
2011: Jan Feb Mar Apr May Jun Jul Aug Sep Oct Nov Dec
2010: Jan Feb Mar Apr May Jun Jul Aug Sep Oct Nov Dec
2009: Jan Feb Mar Apr May Jun Jul Aug Sep Oct Nov Dec
2008: Jan Feb Mar Apr May Jun Jul Aug Sep Oct Nov Dec
2007: Jan Feb Mar Apr May Jun Jul Aug Sep Oct Nov Dec
2006: Jan Feb Mar Apr May Jun Jul Aug Sep Oct Nov Dec
2024: Jan Feb Mar Apr May Jun Jul Aug Sep Oct Nov Dec
2023: Jan Feb Mar Apr May Jun Jul Aug Sep Oct Nov Dec
2022: Jan Feb Mar Apr May Jun Jul Aug Sep Oct Nov Dec
2021: Jan Feb Mar Apr May Jun Jul Aug Sep Oct Nov Dec
2020: Jan Feb Mar Apr May Jun Jul Aug Sep Oct Nov Dec
2019: Jan Feb Mar Apr May Jun Jul Aug Sep Oct Nov Dec
2018: Jan Feb Mar Apr May Jun Jul Aug Sep Oct Nov Dec
2017: Jan Feb Mar Apr May Jun Jul Aug Sep Oct Nov Dec
2016: Jan Feb Mar Apr May Jun Jul Aug Sep Oct Nov Dec
2015: Jan Feb Mar Apr May Jun Jul Aug Sep Oct Nov Dec
2014: Jan Feb Mar Apr May Jun Jul Aug Sep Oct Nov Dec
2013: Jan Feb Mar Apr May Jun Jul Aug Sep Oct Nov Dec
2012: Jan Feb Mar Apr May Jun Jul Aug Sep Oct Nov Dec
2011: Jan Feb Mar Apr May Jun Jul Aug Sep Oct Nov Dec
2010: Jan Feb Mar Apr May Jun Jul Aug Sep Oct Nov Dec
2009: Jan Feb Mar Apr May Jun Jul Aug Sep Oct Nov Dec
2008: Jan Feb Mar Apr May Jun Jul Aug Sep Oct Nov Dec
2007: Jan Feb Mar Apr May Jun Jul Aug Sep Oct Nov Dec
2006: Jan Feb Mar Apr May Jun Jul Aug Sep Oct Nov Dec
Report for 2023 August
Daily noaa report MONTHLY CLIMATOLOGICAL SUMMARY for AUG. 2023 NAME: Emmett Wx CITY: Emmett STATE: Idaho ELEV: 755 LAT: 043:59:12 LONG: 0116:46:46 TEMPERATURE ( °F), RAIN (in.), WIND SPEED (mph) HEAT COOL AVG MEAN DEG DEG WIND DOM DAY TEMP HIGH TIME LOW TIME DAYS DAYS RAIN SPEED HIGH TIME DIR -------------------------------------------------------------------------------------------------------- 01 80.2 103.5 18:25 57.7 07:31 00.0 15.3 00.00 00.5 06.9 12:00 S 02 82.1 095.5 18:11 66.8 08:03 00.0 17.2 00.00 00.9 11.5 14:35 SSE 03 78.9 095.1 18:22 70.3 07:43 00.0 14.0 00.06 01.0 18.4 19:02 NNE 04 71.4 081.9 18:13 63.8 00:00 00.0 06.5 00.01 00.8 08.1 17:38 NNW 05 74.0 091.0 19:22 57.5 07:05 00.0 09.1 00.00 00.8 08.1 11:06 NW 06 72.0 088.2 16:54 60.7 07:13 00.0 07.1 00.09 01.0 14.9 10:19 N 07 66.6 085.0 16:31 57.1 00:00 00.0 01.7 00.36 00.8 17.3 16:59 N 08 68.1 086.8 18:09 52.7 07:37 00.0 03.2 00.01 00.5 05.8 16:07 ENE 09 73.1 091.9 18:48 59.0 07:08 00.0 08.2 00.00 00.5 04.6 19:03 ESE 10 74.7 092.0 17:38 58.5 07:15 00.0 09.7 00.00 00.7 06.9 18:33 E 11 77.1 098.0 18:04 56.9 06:32 00.0 12.1 00.00 00.6 06.9 17:13 ESE 12 76.3 095.3 17:20 58.3 06:56 00.0 11.3 00.00 00.7 09.2 14:21 SSE 13 78.2 098.1 18:39 59.6 07:10 00.0 13.2 00.00 00.7 08.1 14:33 SSE 14 83.2 101.6 18:46 66.4 07:59 00.0 18.3 00.00 00.7 06.9 14:20 SE 15 85.8 106.9 18:11 65.1 07:41 00.0 20.9 00.00 00.7 05.8 15:40 SW 16 86.8 105.9 17:42 67.6 07:37 00.0 21.8 00.00 00.8 08.1 16:43 S 17 85.2 103.5 16:49 68.1 05:42 00.0 20.2 00.00 00.6 12.7 23:35 SSE 18 83.6 097.8 16:28 70.3 06:57 00.0 18.6 00.00 00.7 09.2 09:48 NW 19 76.4 091.5 18:12 62.9 07:41 00.0 11.4 00.03 00.8 09.2 21:51 S 20 72.6 079.3 00:54 69.6 17:16 00.0 07.6 00.01 01.5 12.7 09:12 SSE 21 69.6 080.0 16:05 64.9 07:10 00.0 04.6 00.63 00.5 17.3 15:48 ENE 22 72.7 086.9 15:23 63.3 07:42 00.0 07.7 00.02 00.8 12.7 20:41 N 23 73.0 088.8 18:36 60.1 07:15 00.0 08.1 00.00 00.6 05.8 16:34 N 24 75.3 095.2 17:45 57.7 07:47 00.0 10.3 00.00 00.5 04.6 16:59 SSW 25 76.4 094.5 17:42 63.6 05:29 00.0 11.4 00.07 00.6 13.8 14:12 S 26 78.7 097.0 17:57 63.5 05:42 00.0 13.8 00.11 00.8 13.8 22:12 NE 27 79.8 096.1 17:37 63.8 07:31 00.0 14.8 00.15 01.2 14.9 04:20 NW 28 80.7 099.7 17:29 65.1 06:38 00.0 15.8 00.00 00.5 04.6 23:31 ESE 29 77.8 092.0 15:05 64.5 07:34 00.0 12.9 00.00 00.8 09.2 15:58 NE 30 66.5 080.1 18:16 53.3 07:31 00.0 01.5 00.00 00.7 09.2 16:06 ENE 31 69.6 088.2 18:45 52.1 08:00 00.0 04.6 00.00 00.6 05.8 15:48 S -------------------------------------------------------------------------------------------------------- 76.3 (77.5) 106.9 day 15 52.1 day 31 000.0 353.1 01.54 00.7 18.4 day 07 SE Max > 86: 26 Min < 86: 31 Max Rain: 0.63 ON 21-08-23 Days of Rain: 12 (> .008in) 5 (> .08in) 0 (> 0.8in)